 (8/i)/((-14)/651)?
2
Suppose -4*o + 12 = -16. Suppose o*l = 2249 + 278. What is the units digit of l?
1
Suppose -131*x + 58919 = -112*x. What is the units digit of x?
1
Suppose 43*j + 36 = 55*j. Suppose -6*h = -11*h - j*l + 1351, 3*h + l - 813 = 0. What is the tens digit of h?
7
Let y = 2017 - 1408. Suppose 2*n - y = 271. What is the units digit of n?
0
Let n be (-6192)/64*(-16)/(-3). Let c = n - -1134. What is the units digit of c?
8
Let h(n) = 1. Let a(s) = -74*s + 3. Let x(m) = -a(m) - 3*h(m). What is the units digit of x(1)?
8
Let a(l) = -l**3 - 9*l**2 - 2*l + 5. Let y be a(-6). Suppose 3861 = -44*j + 71*j. Let w = j + y. What is the units digit of w?
2
Let a be 6/(2 + 1145/(-580)). Let g = a - 131. Suppose -2*n - 37 = -g. What is the units digit of n?
2
What is the hundreds digit of ((-28607696)/3120 + (-4)/(-5))*-3?
5
Let w = 27677 - 11488. What is the thousands digit of w?
6
Suppose 79*k - 186273 = 70*k. What is the units digit of k?
7
Let r be (-4)/10*(0 + -10). Let z be r/10 - 32/(-20). Let x(m) = 18*m**2 - 5*m + 3. What is the units digit of x(z)?
5
Suppose -f = -3*r + 11 + 58, 21 = r - f. Suppose 3*x - 3*p + 12 = x, 0 = -4*x + p - r. Let j(t) = t**3 + 4*t**2 - 19*t - 5. What is the tens digit of j(x)?
3
Suppose 0*p = -p - 2*q + 323, -25 = 5*q. What is the tens digit of p?
3
Suppose 0 = -3*d - 5*x - 885 - 697, -4*x = 8. Let r = d - -819. What is the units digit of r?
5
Let i = -3220 - -11950. Suppose i = -64*o + 70*o. What is the thousands digit of o?
1
Let b(r) = 3*r**2 - 27. Let c be b(19). Let t be 102/4*c/36. Suppose 85 = 7*d - t. What is the units digit of d?
9
Suppose 2*a = 4*n + 74, -5*a - 2*n + 233 = -0*a. What is the hundreds digit of 5*(-36)/a + 530/2?
2
Let d(g) be the first derivative of g**5/30 - 2*g**4 - g**3/6 - 3*g**2 - 2*g + 30. Let m(p) be the second derivative of d(p). What is the units digit of m(28)?
3
Let u(p) = 6527*p + 475. What is the thousands digit of u(2)?
3
Suppose 0 = -3*a - 3, 200*o - 204*o = -6*a - 20878. What is the tens digit of o?
1
Let r = -2083 + 8832. What is the hundreds digit of r?
7
Let r(v) be the first derivative of -3*v**2/2 - 65*v - 11. Let l be r(-23). Suppose -l*g + 882 = 2*n, 4*g - 3*n = -2*n + 891. What is the units digit of g?
2
Suppose 1 = -2*l - 5*y - 5, 3*y + 10 = 2*l. What is the tens digit of (l + 5 + 61)*16?
8
Let w(f) = -4*f - 28. Let z be w(-12). Suppose 5*y + 5 = -z, -s = -4*y - 23. Suppose -s*o = -4*o + 53. What is the tens digit of o?
5
Let f = 5268 - 3794. What is the thousands digit of f?
1
Let b be (-1 - 1) + 6/3 + -1. What is the hundreds digit of 10/(-4)*b + 19343/46?
4
Let q = 256 - 116. Let r be 15*7/(q/972). Suppose -4*m - t + r = 0, -4*m + 2*t = t - 735. What is the units digit of m?
3
Let d(h) be the first derivative of -7/2*h**2 + 1/4*h**4 - 10/3*h**3 - 13*h + 2. What is the hundreds digit of d(12)?
1
Suppose -4*h - 46064 - 22222 = -10*h. What is the units digit of h?
1
Let v(j) be the first derivative of -23*j**2 + 63*j + 66. What is the units digit of v(-10)?
3
Let k(o) = -14*o - 31. Let i be k(37). Let l = i - -804. What is the hundreds digit of l?
2
Let a(z) = -554*z - 251. Let s be a(-6). Let d = -2110 + s. What is the hundreds digit of d?
9
Let w(o) = 654*o**2 + 305*o + 605. What is the hundreds digit of w(-2)?
6
Suppose -2 = 10*p - 11*p. Suppose 4*y + p*f = -0*f + 1718, -2*y - 4*f = -874. What is the hundreds digit of y?
4
Suppose -8189 = 164*d - 165*d - 3*l, -8192 = -d - 2*l. What is the tens digit of d?
9
Suppose 3*i - 7192 = -5*z, 5*i + z - 9018 = 2954. Suppose b = -p + 710, -296 + i = 3*b - 5*p. What is the units digit of b?
6
Let i be (-10)/8*(-5 - -1). Let d = 214 - 214. Suppose -2*o + 119 = -d*o - x, 3*o - i*x - 161 = 0. What is the tens digit of o?
6
Let t = -12328 - -17695. What is the thousands digit of t?
5
What is the units digit of (1 + 2/(-3) - (-176 + 833))*-18?
0
Let c = 5774 - -4098. What is the units digit of c?
2
Let o(q) = -2*q**3 - 28*q**2 - 6*q + 28. Let y(k) = -2*k**3 - 9*k**2 + 35*k - 16. Let b be y(-7). What is the units digit of o(b)?
8
Let d(y) = -173*y + 24. Let g be d(12). What is the units digit of ((-2)/2)/(19/g)?
8
Let q(h) = -995*h**3 - h**2 - 18*h - 25. What is the thousands digit of q(-3)?
6
Let i = -6334 + 10847. What is the hundreds digit of i?
5
Let h(k) = 5 + 3 + 9*k - 18 - 23. Suppose 0 = -5*x + 5*l - 7 + 92, x - 11 = -2*l. What is the hundreds digit of h(x)?
1
Suppose -61*t + 49*t = -96. What is the tens digit of 2*(-20)/t - (-8490)/6?
1
Let z(b) = -2*b**3 - 5*b**2 + 7*b + 8. Let r be -29*(3 - 2)*-4. Let n = 110 - r. What is the tens digit of z(n)?
1
Let m(t) = t**2 + 3*t + 4. Let r be m(-3). Suppose -3*u + 145 = -p, 0*u - r*u = -5*p - 175. Suppose 13*v = 18*v - u. What is the units digit of v?
0
Let d(q) = q**2 - 4*q - 4. Suppose 4*s + x - 20 = s, -2*s - 3*x + 25 = 0. Let k be d(s). What is the units digit of -1 + k + (9 - 8)?
1
What is the hundreds digit of 1768 + -5*((-5)/50)/(2/12)?
7
Let m = 256 + -252. Suppose 3*a + r - 3*r = 4, a = 3*r - 1. Suppose a*h + 8 = -0, m*h - 434 = -5*l. What is the tens digit of l?
9
Let t = -693 - -301. Let u = 91 - t. What is the tens digit of u?
8
Let x = -63 - -86. Suppose 2*a = x - 19. Suppose a*n = 5*f - 827, -f - 2*f = n - 505. What is the units digit of f?
7
Suppose 0 = -5*c - t + 31439, 3*c = 2*t + 9327 + 9526. What is the units digit of c?
7
Let c(j) = 6*j**2 + 6*j - 11. Let y(a) = -7*a**2 - 7*a + 12. Let m(k) = 6*c(k) + 5*y(k). Let q be m(0). Let t(x) = -9*x - 3. What is the tens digit of t(q)?
5
What is the thousands digit of (-10)/(-5)*-1783*-3*(-3)/(-6)?
5
Suppose 3*b = 6557 + 38755 + 18750. What is the ten thousands digit of b?
2
What is the tens digit of 8 + -10 + 7 - (-2 + -9875)?
8
Let g be (-260)/2 - 14/(-7). Suppose -26*v = -23*v + 216. Let y = v - g. What is the units digit of y?
6
Let g(d) = -2176*d + 444. What is the units digit of g(-3)?
2
Suppose 4*r = -k + 42, -8*k + 3*k = r - 286. Suppose -k*y = -51*y - 420. What is the tens digit of y?
6
Suppose -2*q - 4*n = -32, 4*q + 3 - 2 = 5*n. Suppose q*o = 10*o - 40. Suppose o*f = 8*f + 338. What is the tens digit of f?
6
Suppose 77*y - 88*y = 99. What is the units digit of -2 + -7 + (-1692)/y?
9
Let p = -10 + 12. Suppose -5*i + 14 = 8*n - 7*n, -3*i = 4*n - 22. Suppose -73 = -i*g + p*m + 49, 0 = 5*g + m - 293. What is the units digit of g?
9
Let m = 785 + -780. Suppose 0 = 4*t - 5*j - 2440, -m*t - j + 3063 = 42. What is the tens digit of t?
0
Suppose 2*s - 4*r - 23 - 7 = 0, 4*s + 2*r - 30 = 0. Let f be 10*s*2065/105. What is the units digit of f/12 - 2/(-4)?
8
Let a(k) = k**2 - 8*k + 15. Let y be 12/(-20) - 790/(-25). What is the tens digit of a(y)?
2
What is the hundreds digit of (-1 + 2)/1 + ((-250914)/(-1))/38?
6
Suppose 4*m - 2*y = 1502, -305*m + 310*m + 5*y = 1870. What is the hundreds digit of m?
3
Let q(y) = 6*y**2 + y - 10. Suppose 39 = 3*z + 5*j, 0 = -2*z + j + 10 + 3. Suppose 3*f - z = -4*w, -3*w + 18 = 3. What is the tens digit of q(f)?
8
What is the ten thousands digit of 84/(-24)*(-1479060)/210?
2
Let s(x) = 5*x**3 - 4*x**2 + 3*x - 3. Let j be s(3). Let k = j - 209. What is the units digit of (1 - 5/20)/((-2)/k)?
9
Suppose 71*v - 75*v + 5*s + 47037 = 0, -s = 3*v - 35292. What is the tens digit of v?
6
Suppose 6*z - 4*z = 0, 4*z - 132 = -2*o. Suppose 71*l - o*l = -30. Let n(d) = -3*d**3 - 12*d**2 - 6*d + 5. What is the tens digit of n(l)?
5
What is the units digit of (-1702355)/(-105) + -13 + 3300/252?
3
Suppose 4*f - 36 = -4*s, 4*f - s - 26 = -3*s. Suppose 5*k + 147 = c, -f*c + 2*k - 173 = -689. What is the units digit of c?
7
Suppose 20*f - 18*f = 758. Let a = f + -152. What is the hundreds digit of a?
2
Let n = 391 + 4494. What is the units digit of n?
5
Suppose -w = 1, 0*n - 3*w + 3 = -3*n. What is the hundreds digit of n - ((-256)/2 - -2)?
1
Let x be 1/(4*1/388). Let u = x + -96. What is the units digit of ((1243/(-22))/((-2)/4))/u?
3
Let f = -8555 + 24401. What is the ten thousands digit of f?
1
Suppose -126 = -a - 108. What is the tens digit of 2910/a*42/35?
9
Let l(x) = -750*x - 1809. What is the thousands digit of l(-13)?
7
Suppose 2*v = -16*z + 17*z + 41448, -7*v - z = -145050. What is the hundreds digit of v?
7
Let l(h) be the third derivative of -h**6/120 + 7*h**5/20 - 35*h**4/24 + 4*h*